o + 63757. What is w(759)?
1
Let z(r) = -2*r**3 + 11*r**2 + 240*r - 2649. Calculate z(11).
-1340
Let r(c) = -2*c**2 + 934*c - 28446. Calculate r(32).
-606
Let u(r) = r**3 - 34*r**2 - 190*r - 198. What is u(-6)?
-498
Let x(d) = -277*d**2 - 40998*d - 292. Calculate x(-148).
4
Let w(s) = 57375*s + 172450. Give w(-3).
325
Let n(b) = 73*b + 1452. Give n(-32).
-884
Let z(o) = -1679*o - 17003. Calculate z(-8).
-3571
Let m(j) = -5*j**2 - 199*j + 586. Calculate m(3).
-56
Let d(p) = -3*p**3 - 123*p**2 + 70*p + 3038. Determine d(-41).
168
Let t(q) = 270*q**3 - 5664*q**2 - 130*q + 83. What is t(21)?
-1
Let f(y) = -y**3 - 134*y**2 - 562*y + 466. Determine f(-5).
51
Let p(x) = 7*x**3 - 645*x**2 + 71*x + 1779. Determine p(92).
-153
Let c(s) = -s**3 - 13*s**2 - 645*s - 6487. Determine c(-10).
-337
Let w(r) = -28*r**2 - 1156*r - 296. Give w(-42).
-1136
Let g(i) = -43477*i + 565197. What is g(13)?
-4
Let l(u) = u**3 - 130*u**2 - 1781*u + 1030. Give l(-13).
16
Let k(m) = -15*m**3 - 303*m**2 - 1682*m - 1805. Determine k(-11).
-1
Let d(p) = -1019*p + 268015. Determine d(263).
18
Let q(p) = -1160*p - 16458. Calculate q(-15).
942
Let b(d) = -d**3 + 31*d**2 - 11*d + 1335. Give b(32).
-41
Let l(p) = -105384*p - 737663. Give l(-7).
25
Let q(y) = 2*y**3 - 10*y**2 - 909*y + 7191. Calculate q(8).
303
Let v(o) = 4008*o + 72778. What is v(-18)?
634
Let b(j) = 10363*j - 34480. Determine b(3).
-3391
Let c(b) = -39*b**2 + 422*b - 1818. Determine c(5).
-683
Let a(k) = -k**3 - 7*k**2 + 764*k + 581. Give a(-31).
-39
Let n(v) = 2*v**3 - 352*v**2 - 38*v + 6928. Calculate n(176).
240
Let q(i) = 2*i**2 + 1126*i + 25033. Give q(-22).
1229
Let m(g) = -234*g - 1010. Give m(0).
-1010
Let y(u) = u**2 + 156*u - 37578. Give y(-287).
19
Let l(r) = -r**3 - 147*r**2 + 1098*r + 3080. What is l(-154)?
0
Let h(a) = a**2 + 11*a - 1509. Give h(-48).
267
Let w(d) = -15*d**2 - 5743*d + 6560. Give w(-384).
32
Let t(p) = 451*p + 9716. Calculate t(-21).
245
Let n(y) = -5948*y + 101189. Calculate n(17).
73
Let q(m) = -15461*m + 680222. Determine q(44).
-62
Let j(y) = 3973*y + 51048. Calculate j(-12).
3372
Let m(w) = -347*w - 8793. Give m(-26).
229
Let a(m) = 872*m + 20028. Calculate a(-23).
-28
Let t(o) = o**3 + 36*o**2 - 304*o - 13152. Calculate t(-33).
147
Let l(q) = q**2 - 377769*q + 755528. Calculate l(2).
-6
Let p(i) = -8650*i + 51904. Calculate p(6).
4
Let q(c) = -3*c**3 - 12*c**2 + 8*c - 174. What is q(-6)?
-6
Let v(j) = -3*j**2 - 1955*j - 13454. Calculate v(-7).
84
Let q(n) = n**2 + 129*n + 2126. Calculate q(-95).
-1104
Let c(d) = 17127*d + 462424. What is c(-27)?
-5
Let p(u) = -6*u**3 - 340*u**2 - 2817*u - 154. Give p(-10).
16
Let s(d) = 3*d**2 + 13*d - 325. Determine s(-17).
321
Let v(l) = 4939*l + 162581. Calculate v(-32).
4533
Let n(q) = -954*q - 76340. Give n(-80).
-20
Let v(g) = 290*g - 42527. Calculate v(150).
973
Let m(t) = 253*t**2 + 55166*t + 2661. Give m(-218).
45
Let v(d) = 32*d**2 - 17207*d - 4852. What is v(538)?
-10
Let q(h) = -14*h**3 + 10*h**2 + 78*h - 38. What is q(-5)?
1572
Let u(z) = -2055*z - 156294. What is u(-76)?
-114
Let f(i) = -61*i**2 - 559*i + 1682. Calculate f(3).
-544
Let z(s) = -112*s + 7297. Give z(72).
-767
Let p(x) = x**2 + 73*x + 984. Calculate p(-53).
-76
Let f(k) = 957*k + 20790. Calculate f(-18).
3564
Let d(c) = 147927*c - 2366742. Determine d(16).
90
Let d(k) = -k**3 - 78*k**2 + 530*k + 10009. Give d(-83).
464
Let v(a) = a**3 + 87*a**2 - 177*a + 192. Calculate v(-89).
103
Let h(j) = -5*j**3 + 91*j**2 - 48*j + 11. Determine h(17).
929
Let t(l) = 346*l - 530. Determine t(-2).
-1222
Let z(t) = 4*t**3 - 196*t**2 + 170*t + 9657. Calculate z(47).
-25
Let u(n) = -8974*n + 8973. What is u(1)?
-1
Let b(w) = -1061*w**2 + 7438*w - 72. Calculate b(7).
5
Let w(m) = 3039*m - 12350. Calculate w(4).
-194
Let w(s) = 98179*s - 1079991. Determine w(11).
-22
Let u(y) = -3985*y - 3490867. What is u(-876)?
-7
Let x(l) = -103*l**2 + 575*l + 259. What is x(6)?
1
Let n(x) = -431*x + 7087. What is n(16)?
191
Let g(t) = -382*t - 229. Determine g(-2).
535
Let j(z) = 103*z**2 + 101*z + 191. Give j(-2).
401
Let u(c) = -13*c**2 - 4751*c + 2506. Calculate u(-366).
-56
Let j(c) = -208*c**2 + 452*c - 1317. Determine j(3).
-1833
Let i(h) = -78307*h - 1174592. Calculate i(-15).
13
Let i(r) = 3*r**2 - 1237*r + 12062. What is i(10)?
-8
Let p(s) = 14998*s + 659983. Give p(-44).
71
Let c(u) = 4*u**3 - 9746*u**2 + 4990*u - 287441. Give c(2436).
7
Let u(i) = -3*i**2 - 3917*i - 46649. Give u(-12).
-77
Let o(t) = -5545*t + 205267. Determine o(37).
102
Let s(q) = -q**3 - 342*q**2 - 1345*q + 4. Calculate s(-4).
-24
Let v(w) = 60*w**2 + 71*w - 328. What is v(5)?
1527
Let i(q) = -q**3 + 53*q**2 + 102*q + 19111. Calculate i(60).
31
Let z(r) = 2*r**3 + 1001*r**2 + 806*r + 153010. Give z(-500).
10
Let i(n) = 5*n**2 + 15*n - 4. What is i(2)?
46
Let c(a) = -a**3 - 70*a**2 + 887*a - 752. What is c(10)?
118
Let x(o) = o**3 + 600*o**2 - 10483*o + 117. Calculate x(17).
219
Let r(y) = -23*y + 1044. Calculate r(37).
193
Let j(q) = 268267*q - 1877870. Calculate j(7).
-1
Let z(q) = -2*q**3 - 19*q**2 - 1224*q - 7081. What is z(-6)?
11
Let u(v) = -2118552*v + 16948416. Determine u(8).
0
Let a(b) = -222*b + 5299. Determine a(23).
193
Let f(i) = -i**2 + 1505*i + 123465. Give f(-78).
-9
Let u(t) = -115707*t + 809967. Give u(7).
18
Let m(y) = 154*y**2 - 19*y - 16. What is m(1)?
119
Let d(i) = -2*i**2 - 3168*i - 65651. Give d(-21).
-5
Let f(w) = w**2 - 234*w - 5897. Calculate f(-23).
14
Let l(c) = -31*c**2 - 9368*c - 11165. Determine l(-301).
-28
Let n(t) = 43315*t + 346514. Determine n(-8).
-6
Let c(v) = -1436*v + 267147. Give c(186).
51
Let d(c) = 1501365*c - 7506835. Calculate d(5).
-10
Let g(d) = -5*d**3 - 469*d**2 + 90*d - 384. Determine g(-94).
-8
Let s(x) = x**2 - 16863*x + 168488. Determine s(10).
-42
Let n(v) = 234995*v - 234908. What is n(1)?
87
Let j(l) = 2*l**2 + 384*l - 17857. Give j(-231).
161
Let x(g) = g**3 + 87*g**2 - 106*g - 21849. What is x(-85)?
1611
Let w(s) = 635*s**2 - 288924*s - 452. Give w(455).
3
Let t(s) = s**2 + 233*s - 42727. Give t(121).
107
Let x(w) = -133*w**2 + 3*w + 7. Give x(-2).
-531
Let h(v) = -v**3 + 6*v**2 + 2624*v - 10574. Calculate h(4).
-46
Let j(d) = 559250*d - 6710997. What is j(12)?
3
Let g(k) = -k**3 + 39*k**2 - 47*k + 1604. Determine g(39).
-229
Let n(x) = 2*x**3 + 15*x**2 - 63*x + 44. What is n(-11)?
-110
Let c(m) = -m**3 - 58*m**2 - 262*m - 18999. Determine c(-59).
-60
Let b(y) = 4349*y - 106683. Calculate b(25).
2042
Let t(h) = -116*h**2 - 14139*h + 1594. Give t(-122).
8
Let i(y) = -13*y**3 + 3*y**2 - 43*y - 100. Calculate i(-2).
102
Let p(r) = 23*r**3 - 4677*r**2 + 6259*r + 605. Calculate p(202).
-1
Let d(p) = -p**3 - 150*p**2 - 473*p + 16430. Give d(-146).
224
Let n(t) = -30521*t + 30273. Determine n(1).
-248
Let p(c) = c**3 - 873*c**2 - 28974*c + 12666. Determine p(905).
-4
Let k(f) = -109*f + 455. Give k(14).
-1071
Let h(j) = 348*j + 11437. Give h(-31).
649
Let s(n) = -29075*n - 28736. Give s(-1).
339
Let l(q) = -45055*q**2 + 89973*q - 1. What is l(2)?
-275
Let q(p) = 3*p**3 - 15*p**2 - 94*p + 11. Calculate q(-6).
-613
Let o(p) = 119535*p + 478131. Give o(-4).
-9
Let x(u) = -u**2 - 256*u + 3662. Calculate x(15).
-403
Let i(o) = o**3 - 144*o**2 - 292*o - 19. Determine i(146).
-19
Let h(q) = -q**3 + 316*q**2 - 9177*q + 25156. Give h(284).
-120
Let m(g) = -3*g**2 + 162*g + 3760. Determine m(76).
-1256
Let f(o) = -7943*o + 182456. Give f(23).
-233
Let v(c) = -c**2 - 233*c + 70860. What is v(174)?
42
Let s(g) = -41788*g - 1002935. Calculate s(-24).
-23
Let h(z) = -11*z - 1977. Determine h(-146).
-371
Let j(c) = -37*c**2 + 46*c + 46. What is j(-6)?
-1562
Let x(f) = f**3 - 30*f**2 + 207*f - 93. Determine x(18).
-255
Let k(f) = 77*f**2 - 852*f + 565. Calculate k(10).
-255
Let x(f) = 12*f**2 + 72*f + 281. What is x(-8)?
473
Let w(a) = -15*a**3 - 140*a**2 - 10*a + 336. Determine w(-9).
21
Let u(g) = 6*g**2 + 216*g + 1865. Give u(-9).
407
Let w(x) = -18*x**3 - 90*x**2 - 5*x - 57. Determine w(-5).
-32
Let s(y) = y**3 + 376*y**2 + 5045*y - 8322. Determine s(-362).
4
Let m(t) = 8*t**2 + 1584*t - 4664. Calculate m(-201).
160
Let c(k) = -194281*k - 388557. Calculate c(-2).
5
Let p(j) = -j**2 - 139*j - 1012. Calculate p(-7).
-88
Let k(a) = -164*a + 3348. Calculate k(24).
-588
Let i(v